is the units digit of m?
4
What is the hundreds digit of (0 - 0 - -3)*776/12?
1
Suppose 0 = -5*u + c + 152, 57 + 42 = 3*u + 2*c. Let i be 128/5 + 2/5. Suppose l - g + i = 3*l, 5*g = -l + u. What is the units digit of l?
1
Suppose 0 = d + 2*d - 2*l - 355, 0 = -3*l + 12. What is the units digit of d?
1
Let w(l) = -2*l**2 - 15*l + 7. What is the tens digit of w(-7)?
1
Suppose -4*c + 15 = -125. Suppose -3*y - 3*t - 24 = -5*y, 5*t + c = 3*y. What is the tens digit of y?
1
Let q = -9 + 1. Let o = 6 - q. What is the units digit of o?
4
Let o(j) = -3*j + 3. Let g be o(3). What is the units digit of (-195)/g*4/5?
6
Suppose -748 = -4*x + 4*v, -2*v + 935 = 5*x - 3*v. What is the hundreds digit of x?
1
Let p be 1/((-3)/6) + 38. Let k = p + 6. What is the units digit of k?
2
Suppose -5 = 3*g - 5*n, -2*n - 1 = -2*g - 3*n. Suppose -3*j - 4*i - 2 = -17, -3*i + 9 = g. What is the units digit of j?
1
Let z(p) = p**3 + p**2 - 2*p. Let i be (5 + -2 + 1)/(-2). Let v be z(i). Suppose v = 5*s + 4 - 39. What is the units digit of s?
7
Let u = 27 + -13. What is the units digit of u?
4
Let i(v) = 24*v + 1. Let l be i(1). Let z be -13 + 2/(1 - -1). Let h = z + l. What is the tens digit of h?
1
Let z = -71 + 72. What is the units digit of z?
1
Let d be (-6)/10*(1 - 6). Let g be (-1*d)/((-9)/60). What is the units digit of (8/20)/(2/g)?
4
Let f = -3 - 0. What is the tens digit of 2/(-6) - 73/f?
2
Suppose 0 = 2*o - 65 - 9. What is the units digit of o?
7
Let h(t) = -2*t. Let w be h(-9). Let y = 34 - w. Suppose -3*p - 5*v = -y, -4*p + v = -17 - 12. What is the units digit of p?
7
What is the units digit of (2 - 4 - -3) + (10 - -228)?
9
Let s(f) = 0*f + 0 + 8 + f. Let i = -67 + 63. What is the units digit of s(i)?
4
Suppose 0 = -x + 6*x - 110. Let s be x*((-1)/2 - -1). Suppose 5*t + 4*f = 47, 2*f - 3*f = -2*t + s. What is the units digit of t?
7
Suppose -4*s + 5*f + 180 = 0, f + 2*f = 12. Let k = s + -13. What is the units digit of k?
7
Let u = 340 + -190. What is the tens digit of u?
5
Let n(f) = f**2 + 7*f + 10. Suppose x + 27 = -4*y, -x - x = 4*y + 26. What is the units digit of n(y)?
0
Let q(t) = -7*t - 27. What is the tens digit of q(-16)?
8
Suppose 0 = 5*t - 8*t + 165. What is the units digit of t?
5
Let n be 7 - (0 + 4 + -4). Suppose r - n = -3. What is the units digit of r?
4
Suppose -i + 10 - 8 = 0. What is the tens digit of 1/i + (-73)/(-2)?
3
Let l = -25 + 14. Let b = -6 - l. What is the units digit of b?
5
Suppose h - 2*r = 37 + 43, -h - 5*r = -101. What is the tens digit of h?
8
Let b be 0 - (-9)/(-6)*-2. Suppose -4*m = 4, -35 = -5*p + b*p + 5*m. What is the units digit of p?
5
Suppose -7 = -4*y + 5. Suppose h + 2*h = 4*a + 8, y*a = 2*h - 5. What is the units digit of a?
1
Let t(j) = 5*j - 6. Let a(o) = o**2 + o - 1. Let i(h) = -7*h**2 - 11*h + 10. Let q(n) = 6*a(n) + i(n). Let r be q(-5). What is the tens digit of t(r)?
1
Suppose 14 = 4*t - 118. Let m be 4/22 + (-6)/t. Suppose 0*x - 5*x + o = -41, m = -3*x + 3*o + 15. What is the units digit of x?
9
Let k = 23 - 8. Let x = k - 23. Let z(c) = c + 9. What is the units digit of z(x)?
1
Let l(u) = 16*u - 1. Let f be l(3). Let x(p) = p + 2. Let n be x(2). Suppose 4*k - 5*d = 57, 0 = -n*k - 2*d + 5*d + f. What is the units digit of k?
8
Let t = -7 + 2. What is the units digit of (-13)/t + 2/5?
3
Suppose 173 = 3*j - 169. What is the units digit of j?
4
Let y = -19 + 22. What is the units digit of y?
3
Suppose -z + 10 = -6*z. Let d be (24/(-15) - z)*-5. What is the units digit of d/2 + 1 + 1?
1
Suppose l + 140 = f + 3*l, -3*f - 3*l = -426. What is the units digit of f?
4
Let o(s) = -4*s - 2. Let a be o(-3). Let p = a + 2. Suppose 0 = -2*q + 4*q - p. What is the units digit of q?
6
Let r(f) = 2*f**3 - f - 2. What is the units digit of r(3)?
9
Let i be 1 - (3 + -3 + 1). Suppose 5*c = -i*c + 45. What is the units digit of c?
9
Suppose -230 = 5*h + 3*u - 993, -2*u = 5*h - 767. What is the tens digit of h?
5
Let w(c) = -c**3 + c**2 + c - 2. Let x be w(-3). Suppose 5*v + 39 = 3*p - x, -2*v + 20 = 2*p. What is the tens digit of p?
1
Suppose 5*n - 92 = n. What is the units digit of n?
3
Let a(s) = 4*s**3 - 4*s**2 + 4*s - 2. Suppose -k = -3 + 6. Let i(o) = o**3 + o**2 - o - 1. Let u(n) = k*i(n) + a(n). What is the units digit of u(6)?
7
Let d(n) = n**2 + 2*n + 39. What is the tens digit of d(-9)?
0
Let s(h) = 9*h**2 + 3*h - 3. What is the units digit of s(2)?
9
Let q(f) = -24*f + 11. What is the units digit of q(-7)?
9
Let i = 136 - 72. What is the units digit of i?
4
Let x(c) = c**3 - c**2 + c + 4. Let a be x(0). Suppose -2*t - 2*s + 118 = t, 0 = 3*t - a*s - 124. What is the units digit of t/(-6)*(-3)/2?
0
Let l = -40 - -45. What is the units digit of l?
5
Suppose -4*f + 5*g = -39, 2 = f + 4*g - 34. Let j = f + -11. What is the units digit of j?
5
Let n(l) = -l**2 + 2*l + 4. Let a be n(4). Let g = -2 - a. Suppose -3*y + 5 = -g*y. What is the units digit of y?
5
Let u = 12 - 8. Suppose -i + 4*r = 10, -9 - 11 = -u*r. What is the units digit of i/2 - 6/(-2)?
8
Suppose 3*l + 97 = 4*c, -2*c - l + 51 = -0*c. What is the units digit of c?
5
Let u(g) be the third derivative of g**5/30 - g**4/12 + g**3/2 + g**2. Let z(w) = 3*w**2 - w + 2. Let k(x) = -2*u(x) + 3*z(x). What is the units digit of k(-1)?
4
Let r(s) = s + 2. Let d be r(-2). Suppose 0*y + y = d. Suppose -3*c + 18 + 9 = y. What is the units digit of c?
9
Let j = 31 + 188. What is the tens digit of j?
1
Let i(u) = 25*u**2 + 6*u + 6. What is the hundreds digit of i(-3)?
2
Let o(z) = z**2 + 10*z + 3. Let v be o(-10). Let a(l) = 2*l**2 - 2*l. What is the tens digit of a(v)?
1
Suppose -c = -3*g + 1 - 0, 3*g = 3*c - 3. Let m be (0/(-1))/(c + -4). Suppose -2*v + m*v = -8. What is the units digit of v?
4
Let c(w) = 2*w - 7. Let y be c(12). Let s = 52 - y. What is the units digit of s?
5
Let s(m) = m**3 + 8*m**2 - 12*m + 6. What is the units digit of s(-9)?
3
Let v = -30 - -56. What is the units digit of v?
6
Let d = -69 + 147. What is the units digit of d?
8
Let h = 5 - 1. Suppose l - 8 = -5*q + 6, 12 = h*q + l. Suppose 1 = -i + q. What is the units digit of i?
1
Let n(s) = 24*s + 32. What is the tens digit of n(8)?
2
Let a = -29 + 45. What is the tens digit of a?
1
Let k = -3 + 4. Suppose k = -3*l + 16, 3*d - 3*l = 0. What is the units digit of d?
5
Suppose -3 = -3*p - f - 11, 4*p - 2*f = 6. What is the units digit of (-5)/(-1)*p*-1?
5
Suppose 5*j = -4*v + 45, 3*v + 20 = 4*v + 3*j. Suppose 2*g - v = 103. What is the units digit of g?
4
What is the units digit of (-82)/(-6) - 6/(-18)?
4
Suppose 5 + 19 = 4*j. What is the tens digit of (145/15)/(2/j)?
2
Suppose 5*l - 20 = l. Suppose -2*i = l*h - 34, -5*h = -2*i + 5*i - 41. What is the units digit of (i + -16)*4/(-6)?
6
Let c(s) = -s**2 + 11*s - 9. Let i be c(6). Suppose -f + 0*n + 21 = -2*n, -f - 4*n = -i. Suppose -f - 15 = -4*l. What is the units digit of l?
9
Let s be 2*3 - (-6)/(-3). Let c be ((-10)/s)/((-3)/6). Let t = 0 + c. What is the units digit of t?
5
Let f(o) = -o**3 + 9*o**2 - 8*o + 6. Suppose 5*v = -5*q + 25, -q + 2*q + 4*v + 4 = 0. What is the units digit of f(q)?
6
Let a be (-22)/(-4) - (-6)/(-4). Suppose -6*w - 6 = -4*w. Let r = a + w. What is the units digit of r?
1
Let z = -86 - -179. What is the tens digit of z?
9
Let j(s) = 109*s**2 - 3*s + 2. What is the tens digit of j(1)?
0
Let v be (-1 + 7)/2 + 7. Suppose -j = -2*j + v. What is the units digit of j?
0
Let z = -10 - -12. Suppose -3*v = -z*q - 1 - 13, 0 = 4*q + 16. What is the units digit of v?
2
Let l(w) = 5*w**3 + w. Let s be l(1). Suppose j = s*j - 4*q - 6, 5*q + 5 = 5*j. Suppose u = j*u - 10. What is the units digit of u?
0
Suppose f - 3*f = 8. Let y be (1*f)/(-1) + -2. Suppose 3*l + 6*p - 3 = y*p, l - 2*p = 1. What is the units digit of l?
1
Suppose 6 = 4*z - 2*z. Let w(p) = -2*p**3 + 1 - p + p**3 + z*p**3 + p**2. What is the units digit of w(1)?
3
Let q be (-5)/(-2)*(-6)/5. Let d(r) = -r - 7. Let z be d(q). What is the tens digit of 30*(2/z)/(-1)?
1
Let u(y) = -y + 5. Let k be u(5). Suppose -4*g = -k + 4. Let f = 0 - g. What is the units digit of f?
1
Suppose -4*c - 7*x + 33 = -2*x, -5*c + 3*x = 5. Suppose s + s = -c. What is the units digit of s/(-2)*(1 + 19)?
0
Let o = 87 - 24. What is the tens digit of o?
6
Suppose 4*t - t = -12. Let n = -1 - t. Supp